he thousands digit of 31937?
1
What is the thousands digit of 61146?
1
What is the thousands digit of 13109?
3
What is the tens digit of 10463?
6
What is the units digit of 5072?
2
What is the tens digit of 16846?
4
What is the tens digit of 10774?
7
What is the hundreds digit of 877?
8
What is the tens digit of 933?
3
What is the tens digit of 4560?
6
What is the thousands digit of 11047?
1
What is the thousands digit of 4798?
4
What is the thousands digit of 1817?
1
What is the units digit of 4090?
0
What is the ten thousands digit of 114322?
1
What is the ten thousands digit of 28381?
2
What is the hundreds digit of 8635?
6
What is the tens digit of 2030?
3
What is the tens digit of 1384?
8
What is the units digit of 35892?
2
What is the tens digit of 6373?
7
What is the thousands digit of 4241?
4
What is the ten thousands digit of 16125?
1
What is the hundreds digit of 668?
6
What is the hundreds digit of 1785?
7
What is the thousands digit of 11059?
1
What is the thousands digit of 121549?
1
What is the hundreds digit of 1154?
1
What is the hundreds digit of 3417?
4
What is the ten thousands digit of 74715?
7
What is the ten thousands digit of 99060?
9
What is the hundreds digit of 41213?
2
What is the units digit of 147226?
6
What is the thousands digit of 4644?
4
What is the tens digit of 59?
5
What is the hundreds digit of 2753?
7
What is the hundreds digit of 2602?
6
What is the tens digit of 302?
0
What is the tens digit of 304?
0
What is the units digit of 18246?
6
What is the units digit of 94190?
0
What is the tens digit of 10483?
8
What is the hundreds digit of 23601?
6
What is the hundreds digit of 1806?
8
What is the units digit of 17727?
7
What is the hundreds digit of 33385?
3
What is the tens digit of 4660?
6
What is the units digit of 1676?
6
What is the units digit of 1700?
0
What is the units digit of 753?
3
What is the hundreds digit of 5886?
8
What is the hundreds digit of 793?
7
What is the thousands digit of 23921?
3
What is the tens digit of 1296?
9
What is the hundreds digit of 6932?
9
What is the tens digit of 863?
6
What is the hundreds digit of 4954?
9
What is the tens digit of 40840?
4
What is the units digit of 3810?
0
What is the units digit of 1719?
9
What is the ten thousands digit of 150698?
5
What is the units digit of 1113?
3
What is the units digit of 1437?
7
What is the thousands digit of 19083?
9
What is the tens digit of 380?
8
What is the tens digit of 81781?
8
What is the hundreds digit of 98129?
1
What is the units digit of 65?
5
What is the tens digit of 992?
9
What is the thousands digit of 95845?
5
What is the thousands digit of 51631?
1
What is the ten thousands digit of 18112?
1
What is the thousands digit of 4721?
4
What is the tens digit of 772?
7
What is the thousands digit of 6059?
6
What is the hundreds digit of 2813?
8
What is the hundreds digit of 44642?
6
What is the units digit of 590?
0
What is the tens digit of 904?
0
What is the units digit of 48373?
3
What is the thousands digit of 2506?
2
What is the hundreds digit of 257?
2
What is the thousands digit of 61019?
1
What is the thousands digit of 26239?
6
What is the units digit of 7589?
9
What is the tens digit of 4926?
2
What is the tens digit of 37?
3
What is the hundreds digit of 6658?
6
What is the thousands digit of 80277?
0
What is the tens digit of 57758?
5
What is the tens digit of 120?
2
What is the thousands digit of 4112?
4
What is the tens digit of 614?
1
What is the hundreds digit of 43524?
5
What is the ten thousands digit of 18417?
1
What is the tens digit of 1600?
0
What is the thousands digit of 2807?
2
What is the units digit of 2636?
6
What is the tens digit of 2765?
6
What is the hundreds digit of 2189?
1
What is the hundreds digit of 4363?
3
What is the thousands digit of 24508?
4
What is the hundreds digit of 1243?
2
What is the tens digit of 20492?
9
What is the units digit of 8287?
7
What is the ten thousands digit of 19176?
1
What is the ten thousands digit of 16871?
1
What is the hundreds digit of 8371?
3
What is the thousands digit of 1044?
1
What is the units digit of 3274?
4
What is the units digit of 10492?
2
What is the thousands digit of 3891?
3
What is the thousands digit of 9004?
9
What is the hundreds digit of 20316?
3
What is the tens digit of 10927?
2
What is the tens digit of 15549?
4
What is the units digit of 8549?
9
What is the units digit of 9580?
0
What is the hundreds digit of 176962?
9
What is the thousands digit of 1637?
1
What is the ten thousands digit of 63581?
6
What is the units digit of 1566?
6
What is the thousands digit of 2032?
2
What is the hundreds digit of 4963?
9
What is the thousands digit of 2431?
2
What is the hundreds digit of 603?
6
What is the units digit of 1252?
2
What is the thousands digit of 1336?
1
What is the hundreds digit of 243?
2
What is the hundreds digit of 1068?
0
What is the units digit of 797?
7
What is the units digit of 93792?
2
What is the thousands digit of 4160?
4
What is the hundreds digit of 51385?
3
What is the hundreds digit of 12275?
2
What is the hundreds digit of 8250?
2
What is the hundreds digit of 8958?
9
What is the hundreds digit of 18945?
9
What is the hundreds digit of 5408?
4
What is the tens digit of 17706?
0
What is the tens digit of 3237?
3
What is the units digit of 238?
8
What is the units digit of 54981?
1
What is the tens digit of 154?
5
What is the units digit of 52253?
3
What is the hundreds digit of 1341?
3
What is the hundreds digit of 174?
1
What is the units digit of 15881?
1
What is the hundreds digit of 1271?
2
What is the thousands digit of 17767?
7
What is the ten thousands digit of 41958?
4
What is the tens digit of 4193?
9
What is the thousands digit of 15079?
5
What is the hundreds digit of 926?
9
What is the thousands digit of 63085?
3
What is the units digit of 3071?
1
What is the thousands digit of 1308?
1
What is the tens digit of 2763?
6
What is the hundreds digit of 2635?
6
What is the units digit of 437?
7
What is the thousands digit of 8772?
8
What is the hundreds digit of 53571?
5
What is the units digit of 56300?
0
What is the hundreds digit of 6282?
2
What is the thousands digit of 35256?
5
What is the units digit of 27210?
0
What is the units digit of 816?
6
What is the hundreds digit of 104422?
4
What is the tens digit of 743?
4
What is the ten thousands digit of 52239?
5
What is the hundreds digit of 1769?
7
What is the tens digit of 2085?
8
What is the hundreds digit of 55417?
4
What is the hundreds digit of 1458?
4
What is the hundreds digit of 40456?
4
What is the hundreds digit of 1578?
5
What is the units digit of 2097?
7
What is the units digit of 1819?
9
What is the ten thousands digit of 25916?
2
What is the tens digit of 86142?
4
What is the hundreds digit of 6748?
7
What is the hundreds digit of 3033?
0
What is the tens digit of 5973?
7
What is the hundreds digit of 35541?
5
What is the ten thousands digit of 15416?
1
What is the tens digit of 1088?
8
What is the ten thousands digit of 38858?
3
What is the tens digit of 76407?
0
What is the units digit of 1130?
0
What is the hundreds digit of 835?
8
What is the hundreds digit of 391?
3
What is the tens digit of 37445?
4
What is the tens digit of 85241?
4
What is the hundred thousands digit of 131492?
1
What is the hundreds digit of 6699?
6
What is the ten thousands digit of 148885?
4
What is the units digit of 5771?
1
What is the thousands digit of 1130?
1
What is the ten thousands digit of 34256?
3
What is the thousands digit of 53610?
3
What is the thousands digit of 99902?
9
What is the units digit of 829?
9
What is the tens digit of 3337?
3
What is the units digit of 1253?
3
What is the hundreds digit of 196?
1
What is the units digit of 280?
0
What is the units digit of 4779?
9
What is the tens digit of 34512?
1
What is the units digit of 798?
8
What is the units digit of 580?
0
What is the hundreds digit of 49930?
9
What is the units digit of 10536?
6
What is the hundreds digit of 27802?
8
What is the units digit of 7829?
9
What is the hundreds digit of 12802?
8
What is the tens digit of 36481?
8
What is the ten thousands digit of 96490?
9
What is the thousands digit of 3991?
3
What is the hundreds digit of 4989?
9
What is the 